37.
41
What is the highest common divisor of 86919 and 14?
7
Calculate the greatest common divisor of 2287984 and 464.
464
Calculate the highest common factor of 2074345 and 423.
47
What is the greatest common divisor of 8528 and 6448?
208
What is the highest common divisor of 939 and 61661?
313
Calculate the highest common divisor of 4917 and 6407.
149
What is the highest common factor of 568416 and 864?
96
Calculate the greatest common divisor of 61776 and 275.
11
Calculate the greatest common divisor of 91152 and 1008.
144
What is the highest common factor of 579814 and 1434?
478
Calculate the greatest common factor of 201206 and 2627.
37
Calculate the highest common factor of 1258674 and 362.
362
What is the highest common divisor of 1089 and 8514?
99
Calculate the highest common divisor of 149 and 5334.
1
What is the highest common factor of 2562 and 57218?
854
What is the greatest common divisor of 32739 and 84?
21
What is the highest common factor of 12397 and 33?
11
Calculate the highest common factor of 3392 and 788216.
424
What is the greatest common divisor of 4 and 43084?
4
Calculate the highest common factor of 2 and 945192.
2
Calculate the highest common factor of 1558648 and 42.
14
Calculate the greatest common factor of 20 and 2434.
2
What is the highest common factor of 49 and 872445?
49
Calculate the greatest common factor of 6720 and 3402.
42
What is the highest common factor of 31 and 797754?
31
Calculate the greatest common divisor of 103615 and 230.
115
What is the highest common factor of 20 and 623130?
10
What is the greatest common factor of 248476 and 4?
4
Calculate the highest common factor of 5117 and 29799.
301
What is the highest common factor of 150567 and 2046?
93
Calculate the greatest common divisor of 1274 and 22050.
98
What is the greatest common factor of 240391 and 10525?
421
What is the greatest common factor of 735 and 64925?
245
What is the highest common divisor of 837179 and 574?
287
What is the greatest common factor of 2415963 and 1969?
1969
What is the highest common divisor of 1355 and 5565798?
271
Calculate the greatest common divisor of 298116 and 196.
196
What is the greatest common factor of 4 and 28708?
4
What is the highest common divisor of 3038 and 5096?
98
Calculate the highest common factor of 138178 and 2006.
118
What is the greatest common factor of 88 and 2166274?
22
Calculate the highest common factor of 432 and 18896.
16
Calculate the greatest common divisor of 22513 and 329.
47
What is the greatest common factor of 1472436 and 6?
6
What is the highest common divisor of 1034 and 253847?
517
Calculate the greatest common factor of 716 and 1532.
4
What is the highest common factor of 48 and 254?
2
What is the highest common divisor of 54724 and 44?
4
Calculate the highest common divisor of 3 and 384639.
3
What is the highest common factor of 203837 and 2987?
103
What is the greatest common divisor of 1210400 and 1088?
544
Calculate the greatest common divisor of 53696 and 1728.
64
Calculate the greatest common divisor of 2070 and 20.
10
What is the greatest common factor of 111 and 730565?
37
What is the highest common factor of 2591 and 143?
1
Calculate the greatest common factor of 190 and 555930.
10
What is the greatest common divisor of 189 and 1575?
63
Calculate the highest common factor of 2785 and 141478.
557
Calculate the highest common factor of 514845 and 1530.
765
Calculate the greatest common factor of 13660 and 40.
20
Calculate the greatest common factor of 33956 and 1768.
52
Calculate the greatest common divisor of 154 and 12562.
22
What is the highest common divisor of 60 and 132640?
20
What is the greatest common divisor of 136 and 42483?
17
What is the greatest common factor of 1406632 and 32?
8
What is the greatest common factor of 68 and 1555636?
68
What is the greatest common divisor of 380 and 9140?
20
What is the highest common divisor of 25 and 1195?
5
Calculate the highest common factor of 8015 and 105.
35
What is the highest common factor of 4406993 and 76?
19
What is the greatest common factor of 27 and 8?
1
What is the highest common divisor of 21200 and 40?
40
What is the highest common divisor of 332215 and 19?
19
What is the highest common divisor of 510 and 136748?
34
What is the greatest common divisor of 2174 and 74?
2
What is the highest common factor of 836 and 528770?
418
Calculate the highest common divisor of 1166 and 1727429.
583
What is the highest common factor of 36 and 28284?
12
What is the highest common factor of 231 and 8921?
11
Calculate the greatest common divisor of 20 and 422830.
10
What is the greatest common divisor of 12 and 85584?
12
Calculate the highest common divisor of 69 and 346587.
69
Calculate the greatest common divisor of 240 and 7746.
6
What is the greatest common divisor of 66 and 11077?
11
What is the greatest common divisor of 249 and 1522137?
249
What is the highest common factor of 4302 and 360412?
478
What is the greatest common divisor of 66079 and 6877?
299
What is the highest common divisor of 7412 and 3924?
436
Calculate the greatest common factor of 2002632 and 72.
24
Calculate the highest common divisor of 358018 and 86.
86
Calculate the highest common factor of 12 and 213.
3
Calculate the greatest common factor of 315 and 115.
5
Calculate the highest common factor of 270 and 22707.
27
What is the highest common divisor of 7634 and 187?
11
Calculate the highest common divisor of 360 and 660456.
72
Calculate the highest common divisor of 49 and 1658699.
49
Calculate the greatest common divisor of 1789580 and 20.
20
Calculate the highest common factor of 225 and 120585.
15
What is the greatest common divisor of 6650 and 456?
38
What is the highest common factor of 152 and 24282?
38
Calculate the highest common divisor of 7814 and 12.
2
Calculate the highest common factor of 654 and 840717.
327
Calculate the greatest common factor of 14 and 112329.
7
Calculate the highest common divisor of 61766 and 356.
178
What is the highest common divisor of 392 and 12464?
8
Calculate the highest common factor of 368 and 40756.
92
What is the highest common factor of 3876 and 132?
12
What is the greatest common factor of 126 and 686?
14
Calculate the highest common divisor of 801473 and 3812.
953
Calculate the highest common divisor of 99572 and 220.
44
What is the greatest common factor of 1900430 and 4760?
1190
Calculate the highest common divisor of 3186 and 48.
6
What is the greatest common divisor of 1029 and 3192?
21
Calculate the greatest common factor of 444 and 1236.
12
Calculate the greatest common divisor of 1674 and 5208.
186
What is the highest common factor of 68 and 273105?
17
Calculate the highest common factor of 58 and 138098.
58
What is the greatest common factor of 4598 and 722?
38
Calculate the greatest common divisor of 11040 and 87630.
690
What is the highest common factor of 774567 and 13617?
801
What is the highest common divisor of 142843 and 1328?
83
Calculate the highest common divisor of 139351 and 842.
421
Calculate the greatest common factor of 49680 and 464.
16
What is the highest common divisor of 325173 and 49637?
1013
What is the highest common factor of 10982 and 191896?
578
What is the greatest common factor of 31537 and 11891?
517
Calculate the greatest common factor of 2519 and 792.
11
What is the highest common divisor of 99 and 6600?
33
What is the greatest common factor of 20273 and 1037609?
1843
What is the greatest common factor of 140146 and 316?
158
Calculate the highest common factor of 304957 and 115.
23
What is the highest common factor of 12065 and 12827?
127
Calculate the highest common factor of 24139 and 1313.
101
Calculate the highest common divisor of 141050 and 490.
70
What is the greatest common factor of 165988 and 136?
68
What is the greatest common factor of 4182 and 121074?
102
Calculate the highest common divisor of 26 and 510263.
13
What is the greatest common divisor of 32046 and 686?
98
What is the greatest common factor of 52098 and 18?
6
Calculate the highest common factor of 28 and 18564.
28
Calculate the greatest common factor of 358956 and 624.
156
What is the greatest common divisor of 601 and 101?
1
Calculate the greatest common divisor of 1178 and 7